{"id":508,"date":"2026-05-11T17:25:39","date_gmt":"2026-05-11T15:25:39","guid":{"rendered":"https:\/\/ecoleleseauxvives.fr\/?page_id=508"},"modified":"2026-05-14T11:00:08","modified_gmt":"2026-05-14T09:00:08","slug":"lutter-contre-le-harcelement","status":"publish","type":"page","link":"https:\/\/ecoleleseauxvives.fr\/index.php\/lutter-contre-le-harcelement\/","title":{"rendered":"Lutter contre le harc\u00e8lement"},"content":{"rendered":"\n<figure class=\"wp-block-image size-large\"><img loading=\"lazy\" decoding=\"async\" width=\"724\" height=\"1024\" src=\"https:\/\/ecoleleseauxvives.fr\/wp-content\/uploads\/2026\/05\/MPP-cest-quoi-pdf-724x1024.jpg\" alt=\"\" class=\"wp-image-509\"\/><\/figure>\n","protected":false},"excerpt":{"rendered":"<p> <a class=\"continue-reading-link\" href=\"https:\/\/ecoleleseauxvives.fr\/index.php\/lutter-contre-le-harcelement\/\">Continue reading<\/a><\/p>\n","protected":false},"author":1,"featured_media":0,"parent":0,"menu_order":0,"comment_status":"closed","ping_status":"closed","template":"","meta":{"footnotes":""},"class_list":["post-508","page","type-page","status-publish","hentry"],"yoast_head":"<!-- This site is optimized with the Yoast SEO plugin v27.6 - https:\/\/yoast.com\/product\/yoast-seo-wordpress\/ -->\n<title>Lutter contre le harc\u00e8lement - Ecole les Eaux Vives<\/title>\n<meta name=\"robots\" content=\"index, follow, max-snippet:-1, max-image-preview:large, max-video-preview:-1\" \/>\n<link rel=\"canonical\" href=\"https:\/\/ecoleleseauxvives.fr\/index.php\/lutter-contre-le-harcelement\/\" \/>\n<meta property=\"og:locale\" content=\"fr_FR\" \/>\n<meta property=\"og:type\" content=\"article\" \/>\n<meta property=\"og:title\" content=\"Lutter contre le harc\u00e8lement - Ecole les Eaux Vives\" \/>\n<meta property=\"og:description\" content=\"Continue reading\" \/>\n<meta property=\"og:url\" content=\"https:\/\/ecoleleseauxvives.fr\/index.php\/lutter-contre-le-harcelement\/\" \/>\n<meta property=\"og:site_name\" content=\"Ecole les Eaux Vives\" \/>\n<meta property=\"article:modified_time\" content=\"2026-05-14T09:00:08+00:00\" \/>\n<meta name=\"twitter:card\" content=\"summary_large_image\" \/>\n<meta name=\"twitter:label1\" content=\"Dur\u00e9e de lecture estim\u00e9e\" \/>\n\t<meta name=\"twitter:data1\" content=\"1 minute\" \/>\n<script type=\"application\/ld+json\" class=\"yoast-schema-graph\">{\"@context\":\"https:\\\/\\\/schema.org\",\"@graph\":[{\"@type\":\"WebPage\",\"@id\":\"https:\\\/\\\/ecoleleseauxvives.fr\\\/index.php\\\/lutter-contre-le-harcelement\\\/\",\"url\":\"https:\\\/\\\/ecoleleseauxvives.fr\\\/index.php\\\/lutter-contre-le-harcelement\\\/\",\"name\":\"Lutter contre le harc\u00e8lement - Ecole les Eaux Vives\",\"isPartOf\":{\"@id\":\"https:\\\/\\\/ecoleleseauxvives.fr\\\/#website\"},\"primaryImageOfPage\":{\"@id\":\"https:\\\/\\\/ecoleleseauxvives.fr\\\/index.php\\\/lutter-contre-le-harcelement\\\/#primaryimage\"},\"image\":{\"@id\":\"https:\\\/\\\/ecoleleseauxvives.fr\\\/index.php\\\/lutter-contre-le-harcelement\\\/#primaryimage\"},\"thumbnailUrl\":\"https:\\\/\\\/ecoleleseauxvives.fr\\\/wp-content\\\/uploads\\\/2026\\\/05\\\/MPP-cest-quoi-pdf-724x1024.jpg\",\"datePublished\":\"2026-05-11T15:25:39+00:00\",\"dateModified\":\"2026-05-14T09:00:08+00:00\",\"breadcrumb\":{\"@id\":\"https:\\\/\\\/ecoleleseauxvives.fr\\\/index.php\\\/lutter-contre-le-harcelement\\\/#breadcrumb\"},\"inLanguage\":\"fr-FR\",\"potentialAction\":[{\"@type\":\"ReadAction\",\"target\":[\"https:\\\/\\\/ecoleleseauxvives.fr\\\/index.php\\\/lutter-contre-le-harcelement\\\/\"]}]},{\"@type\":\"ImageObject\",\"inLanguage\":\"fr-FR\",\"@id\":\"https:\\\/\\\/ecoleleseauxvives.fr\\\/index.php\\\/lutter-contre-le-harcelement\\\/#primaryimage\",\"url\":\"https:\\\/\\\/ecoleleseauxvives.fr\\\/wp-content\\\/uploads\\\/2026\\\/05\\\/MPP-cest-quoi-pdf.jpg\",\"contentUrl\":\"https:\\\/\\\/ecoleleseauxvives.fr\\\/wp-content\\\/uploads\\\/2026\\\/05\\\/MPP-cest-quoi-pdf.jpg\"},{\"@type\":\"BreadcrumbList\",\"@id\":\"https:\\\/\\\/ecoleleseauxvives.fr\\\/index.php\\\/lutter-contre-le-harcelement\\\/#breadcrumb\",\"itemListElement\":[{\"@type\":\"ListItem\",\"position\":1,\"name\":\"Accueil\",\"item\":\"https:\\\/\\\/ecoleleseauxvives.fr\\\/\"},{\"@type\":\"ListItem\",\"position\":2,\"name\":\"Lutter contre le harc\u00e8lement\"}]},{\"@type\":\"WebSite\",\"@id\":\"https:\\\/\\\/ecoleleseauxvives.fr\\\/#website\",\"url\":\"https:\\\/\\\/ecoleleseauxvives.fr\\\/\",\"name\":\"Ecole les Eaux Vives\",\"description\":\"Ecole priv\u00e9e maternelle et primaire \u00e0 Pont \u00c9v\u00eaque (38)\",\"publisher\":{\"@id\":\"https:\\\/\\\/ecoleleseauxvives.fr\\\/#organization\"},\"alternateName\":\"Ecole priv\u00e9e les eaux vives Pont \u00e9v\u00eaque\",\"potentialAction\":[{\"@type\":\"SearchAction\",\"target\":{\"@type\":\"EntryPoint\",\"urlTemplate\":\"https:\\\/\\\/ecoleleseauxvives.fr\\\/?s={search_term_string}\"},\"query-input\":{\"@type\":\"PropertyValueSpecification\",\"valueRequired\":true,\"valueName\":\"search_term_string\"}}],\"inLanguage\":\"fr-FR\"},{\"@type\":\"Organization\",\"@id\":\"https:\\\/\\\/ecoleleseauxvives.fr\\\/#organization\",\"name\":\"Ecole les Eaux Vives\",\"url\":\"https:\\\/\\\/ecoleleseauxvives.fr\\\/\",\"logo\":{\"@type\":\"ImageObject\",\"inLanguage\":\"fr-FR\",\"@id\":\"https:\\\/\\\/ecoleleseauxvives.fr\\\/#\\\/schema\\\/logo\\\/image\\\/\",\"url\":\"https:\\\/\\\/ecoleleseauxvives.fr\\\/wp-content\\\/uploads\\\/2024\\\/06\\\/logo-ecole.jpg\",\"contentUrl\":\"https:\\\/\\\/ecoleleseauxvives.fr\\\/wp-content\\\/uploads\\\/2024\\\/06\\\/logo-ecole.jpg\",\"width\":933,\"height\":933,\"caption\":\"Ecole les Eaux Vives\"},\"image\":{\"@id\":\"https:\\\/\\\/ecoleleseauxvives.fr\\\/#\\\/schema\\\/logo\\\/image\\\/\"}}]}<\/script>\n<!-- \/ Yoast SEO plugin. -->","yoast_head_json":{"title":"Lutter contre le harc\u00e8lement - Ecole les Eaux Vives","robots":{"index":"index","follow":"follow","max-snippet":"max-snippet:-1","max-image-preview":"max-image-preview:large","max-video-preview":"max-video-preview:-1"},"canonical":"https:\/\/ecoleleseauxvives.fr\/index.php\/lutter-contre-le-harcelement\/","og_locale":"fr_FR","og_type":"article","og_title":"Lutter contre le harc\u00e8lement - Ecole les Eaux Vives","og_description":"Continue reading","og_url":"https:\/\/ecoleleseauxvives.fr\/index.php\/lutter-contre-le-harcelement\/","og_site_name":"Ecole les Eaux Vives","article_modified_time":"2026-05-14T09:00:08+00:00","twitter_card":"summary_large_image","twitter_misc":{"Dur\u00e9e de lecture estim\u00e9e":"1 minute"},"schema":{"@context":"https:\/\/schema.org","@graph":[{"@type":"WebPage","@id":"https:\/\/ecoleleseauxvives.fr\/index.php\/lutter-contre-le-harcelement\/","url":"https:\/\/ecoleleseauxvives.fr\/index.php\/lutter-contre-le-harcelement\/","name":"Lutter contre le harc\u00e8lement - Ecole les Eaux Vives","isPartOf":{"@id":"https:\/\/ecoleleseauxvives.fr\/#website"},"primaryImageOfPage":{"@id":"https:\/\/ecoleleseauxvives.fr\/index.php\/lutter-contre-le-harcelement\/#primaryimage"},"image":{"@id":"https:\/\/ecoleleseauxvives.fr\/index.php\/lutter-contre-le-harcelement\/#primaryimage"},"thumbnailUrl":"https:\/\/ecoleleseauxvives.fr\/wp-content\/uploads\/2026\/05\/MPP-cest-quoi-pdf-724x1024.jpg","datePublished":"2026-05-11T15:25:39+00:00","dateModified":"2026-05-14T09:00:08+00:00","breadcrumb":{"@id":"https:\/\/ecoleleseauxvives.fr\/index.php\/lutter-contre-le-harcelement\/#breadcrumb"},"inLanguage":"fr-FR","potentialAction":[{"@type":"ReadAction","target":["https:\/\/ecoleleseauxvives.fr\/index.php\/lutter-contre-le-harcelement\/"]}]},{"@type":"ImageObject","inLanguage":"fr-FR","@id":"https:\/\/ecoleleseauxvives.fr\/index.php\/lutter-contre-le-harcelement\/#primaryimage","url":"https:\/\/ecoleleseauxvives.fr\/wp-content\/uploads\/2026\/05\/MPP-cest-quoi-pdf.jpg","contentUrl":"https:\/\/ecoleleseauxvives.fr\/wp-content\/uploads\/2026\/05\/MPP-cest-quoi-pdf.jpg"},{"@type":"BreadcrumbList","@id":"https:\/\/ecoleleseauxvives.fr\/index.php\/lutter-contre-le-harcelement\/#breadcrumb","itemListElement":[{"@type":"ListItem","position":1,"name":"Accueil","item":"https:\/\/ecoleleseauxvives.fr\/"},{"@type":"ListItem","position":2,"name":"Lutter contre le harc\u00e8lement"}]},{"@type":"WebSite","@id":"https:\/\/ecoleleseauxvives.fr\/#website","url":"https:\/\/ecoleleseauxvives.fr\/","name":"Ecole les Eaux Vives","description":"Ecole priv\u00e9e maternelle et primaire \u00e0 Pont \u00c9v\u00eaque (38)","publisher":{"@id":"https:\/\/ecoleleseauxvives.fr\/#organization"},"alternateName":"Ecole priv\u00e9e les eaux vives Pont \u00e9v\u00eaque","potentialAction":[{"@type":"SearchAction","target":{"@type":"EntryPoint","urlTemplate":"https:\/\/ecoleleseauxvives.fr\/?s={search_term_string}"},"query-input":{"@type":"PropertyValueSpecification","valueRequired":true,"valueName":"search_term_string"}}],"inLanguage":"fr-FR"},{"@type":"Organization","@id":"https:\/\/ecoleleseauxvives.fr\/#organization","name":"Ecole les Eaux Vives","url":"https:\/\/ecoleleseauxvives.fr\/","logo":{"@type":"ImageObject","inLanguage":"fr-FR","@id":"https:\/\/ecoleleseauxvives.fr\/#\/schema\/logo\/image\/","url":"https:\/\/ecoleleseauxvives.fr\/wp-content\/uploads\/2024\/06\/logo-ecole.jpg","contentUrl":"https:\/\/ecoleleseauxvives.fr\/wp-content\/uploads\/2024\/06\/logo-ecole.jpg","width":933,"height":933,"caption":"Ecole les Eaux Vives"},"image":{"@id":"https:\/\/ecoleleseauxvives.fr\/#\/schema\/logo\/image\/"}}]}},"_links":{"self":[{"href":"https:\/\/ecoleleseauxvives.fr\/index.php\/wp-json\/wp\/v2\/pages\/508","targetHints":{"allow":["GET"]}}],"collection":[{"href":"https:\/\/ecoleleseauxvives.fr\/index.php\/wp-json\/wp\/v2\/pages"}],"about":[{"href":"https:\/\/ecoleleseauxvives.fr\/index.php\/wp-json\/wp\/v2\/types\/page"}],"author":[{"embeddable":true,"href":"https:\/\/ecoleleseauxvives.fr\/index.php\/wp-json\/wp\/v2\/users\/1"}],"replies":[{"embeddable":true,"href":"https:\/\/ecoleleseauxvives.fr\/index.php\/wp-json\/wp\/v2\/comments?post=508"}],"version-history":[{"count":4,"href":"https:\/\/ecoleleseauxvives.fr\/index.php\/wp-json\/wp\/v2\/pages\/508\/revisions"}],"predecessor-version":[{"id":524,"href":"https:\/\/ecoleleseauxvives.fr\/index.php\/wp-json\/wp\/v2\/pages\/508\/revisions\/524"}],"wp:attachment":[{"href":"https:\/\/ecoleleseauxvives.fr\/index.php\/wp-json\/wp\/v2\/media?parent=508"}],"curies":[{"name":"wp","href":"https:\/\/api.w.org\/{rel}","templated":true}]}}